0098 a multiple of 33?
True
Is 75 a factor of 1459?
False
Is 164 a factor of 984656?
True
Is 621112 a multiple of 147?
False
Does 41 divide 780840?
False
Is 18054 a multiple of 17?
True
Is 496349 a multiple of 459?
False
Does 18 divide 145800?
True
Is 105 a factor of 1436872?
False
Is 217 a factor of 1082856?
False
Does 12 divide 4767096?
True
Is 251750 a multiple of 38?
True
Is 61 a factor of 11974591?
False
Is 94 a factor of 400755?
False
Does 15 divide 6889515?
True
Is 133 a factor of 970235?
True
Is 2551360 a multiple of 224?
True
Is 181 a factor of 162208?
False
Does 68 divide 204694?
False
Does 13 divide 238316?
True
Does 149 divide 252704?
True
Is 79152 a multiple of 68?
True
Does 5 divide 22925?
True
Is 239295 a multiple of 371?
True
Is 385 a factor of 174405?
True
Is 362 a factor of 594042?
True
Is 31230 a multiple of 32?
False
Does 11 divide 189321?
True
Does 202 divide 4152956?
False
Is 73 a factor of 12888278?
False
Is 29 a factor of 38280?
True
Is 283060 a multiple of 10?
True
Is 6 a factor of 44502?
True
Is 295896 a multiple of 8?
True
Is 17 a factor of 10349642?
False
Is 42750 a multiple of 50?
True
Is 313548 a multiple of 68?
True
Does 9 divide 6337317?
False
Does 33 divide 65905?
False
Is 52212 a multiple of 9?
False
Is 499070 a multiple of 22?
True
Is 160 a factor of 7266720?
True
Is 105 a factor of 2948017?
False
Does 34 divide 2632724?
False
Is 27 a factor of 8679282?
False
Does 171 divide 895709?
False
Is 409500 a multiple of 21?
True
Is 18 a factor of 2147022?
True
Is 213322 a multiple of 25?
False
Is 65 a factor of 390?
True
Does 129 divide 1877424?
False
Does 19 divide 74461?
True
Does 12 divide 14112?
True
Does 1152 divide 7550328?
False
Is 11942459 a multiple of 82?
False
Does 273 divide 4140864?
True
Does 60 divide 22206180?
True
Is 21180101 a multiple of 22?
False
Does 38 divide 367688?
True
Is 3872666 a multiple of 8?
False
Does 23 divide 1973653?
True
Is 855 a factor of 3853021?
False
Does 15 divide 25710?
True
Is 6 a factor of 493420?
False
Is 23 a factor of 1311989?
True
Is 10910828 a multiple of 360?
False
Does 151 divide 2684585?
False
Is 8 a factor of 147872?
True
Is 1770619 a multiple of 5?
False
Does 148 divide 25012?
True
Is 9 a factor of 3518748?
True
Is 127 a factor of 1030732?
True
Is 3869527 a multiple of 661?
False
Is 443 a factor of 178972?
True
Is 45 a factor of 160867?
False
Is 7721932 a multiple of 1857?
False
Does 58 divide 54346?
True
Is 3 a factor of 39411?
True
Does 13 divide 317645?
False
Does 15 divide 78732?
False
Is 228207 a multiple of 18?
False
Is 19 a factor of 376291?
False
Is 10 a factor of 7643900?
True
Is 2128148 a multiple of 6?
False
Is 4 a factor of 3295?
False
Is 183 a factor of 88007?
False
Is 40 a factor of 156880?
True
Is 2035507 even?
False
Is 119316 even?
True
Is 184908 a multiple of 8?
False
Does 33 divide 3861617?
False
Does 1077 divide 770998?
False
Is 132 a factor of 973368?
True
Is 3 a factor of 131413?
False
Is 21295395 a multiple of 11?
True
Does 166 divide 235056?
True
Does 97 divide 60842?
False
Is 326 a factor of 203897?
False
Is 104 a factor of 15237?
False
Is 35202 a multiple of 10?
False
Does 614 divide 571020?
True
Is 2350737 a multiple of 699?
True
Is 55596 a multiple of 3?
True
Is 100054 a multiple of 300?
False
Is 513 a factor of 2907171?
True
Is 4383251 a multiple of 17?
False
Is 641 a factor of 2381315?
True
Is 10 a factor of 7832730?
True
Does 7 divide 919464?
True
Is 13 a factor of 8349757?
True
Does 111 divide 267308?
False
Is 78 a factor of 618282?
False
Is 2659335 a multiple of 133?
True
Is 31 a factor of 1250695?
True
Does 9 divide 219092?
False
Does 26 divide 671417?
False
Is 1914570 a multiple of 135?
True
Is 18 a factor of 81072?
True
Is 251 a factor of 2388767?
True
Is 474462 a multiple of 129?
True
Does 212 divide 552472?
True
Is 737610 a multiple of 14?
False
Is 108485 a multiple of 11?
False
Does 11 divide 2569219?
False
Does 23 divide 5031204?
True
Is 85 a factor of 4793830?
True
Is 462525 a multiple of 35?
True
Is 731459 a multiple of 34?
False
Is 6 a factor of 11173?
False
Is 29 a factor of 68817?
True
Does 7 divide 389137?
True
Is 66 a factor of 7295376?
True
Does 88 divide 244816?
True
Is 1413 a factor of 14298117?
False
Is 715161 a multiple of 778?
False
Is 19 a factor of 251845?
True
Is 104 a factor of 2444728?
True
Is 4 a factor of 485353?
False
Is 12 a factor of 130601?
False
Does 44 divide 327814?
False
Is 292 a factor of 35273?
False
Is 1195 a factor of 2424655?
True
Is 19 a factor of 2596673?
True
Is 254421 a multiple of 248?
False
Is 2433431 a multiple of 119?
True
Is 98 a factor of 160720?
True
Is 1486611 a multiple of 12?
False
Is 17 a factor of 15929?
True
Does 46 divide 891342?
True
Is 21 a factor of 2059295?
False
Is 15535245 a multiple of 18?
False
Is 2624712 a multiple of 28?
False
Is 26 a factor of 1151141?
False
Is 34 a factor of 12617740?
True
Is 3839790 a multiple of 102?
True
Is 2977128 a multiple of 1512?
True
Is 311 a factor of 2984034?
False
Is 2609854 a multiple of 26?
True
Is 3725007 a multiple of 36?
False
Is 117355 a multiple of 5?
True
Is 320850 a multiple of 225?
True
Is 4992206 a multiple of 14?
False
Does 15 divide 376440?
True
Is 3 a factor of 63639?
True
Does 105 divide 274222?
False
Is 5820336 a multiple of 729?
True
Is 126208 a multiple of 928?
True
Does 469 divide 2723483?
True
Is 34 a factor of 10524449?
False
Is 245 a factor of 535570?
True
Is 569 a multiple of 129?
False
Is 18 a factor of 630540?
True
Is 75870 a multiple of 9?
True
Is 17 a factor of 5903743?
True
Is 87 a factor of 613773?
False
Is 114723 a multiple of 7?
True
Does 32 divide 1782048?
True
Is 769 a factor of 24447279?
True
Is 56 a factor of 717888?
False
Is 199 a factor of 417502?
True
Is 41 a factor of 15823129?
False
Is 259161 a multiple of 43?
True
Is 215558 a multiple of 623?
True
Is 56832 a multiple of 10?
False
Is 579 a factor of 270596?
False
Is 29 a factor of 3247661?
False
Is 862746 a multiple of 7?
False
Does 107 divide 449507?
True
Does 109 divide 2452328?
False
Is 330844 a multiple of 428?
True
Is 406192 a multiple of 38?
False
Does 10 divide 2170000?
True
Does 207 divide 35162?
False
Is 18190 a multiple of 5?
True
Is 160632 a multiple of 138?
True
Is 8 a factor of 2594?
False
Is 80 a factor of 11413440?
True
Does 230 divide 1566760?
True
Is 18832 a multiple of 176?
True
Is 25 a factor of 1829541?
False
Is 1120974 a multiple of 46?
True
Is 2719390 a multiple of 166?
False
Is 445 a factor of 3442075?
True
Does 12 divide 29014?
False
Is 12432 a multiple of 8?
True
Does 16 divide 48800?
True
Is 14 a factor of 7343134?
False
Does 175 divide 42942?
False
Is 510 a factor of 1710125?
False
Is 6821064 a multiple of 138?
True
Is 56 a factor of 4229616?
False
Does 15 divide 218972?
False
Is 26 a factor of 104312?
True
Does 456 divide 723672?
True
Is 61712 a multiple of 38?
True
Is 4322765 a multiple of 6?
False
Does 32 divide 202720?
True
Is 1523616 a multiple of 3?
True
Does 210 divide 91980?
True
Is 29 a factor of 276005?
False
Is 3772500 a multiple of 20?
True
Is 39 a factor of 1515069?
False
Is 101276 a multiple of 14?
True
Is 256428 a multiple of 419?
True
Is 2130135 a multiple of 9?
False
Does 10 divide 5011774?
False
Is 4859904 a multiple of 791?
True
Is 249 a factor of 496008?
True
Is 41370 a multiple of 5?
True
Does 3 divide 1141618?
False
Is 270106 a multiple of 88?
False
Does 118 divide 107262?
True
Is 19 a factor of 372072?
False
Is 93 a factor of 147542?
False
Is 571389 a multiple of 483?
True
Is 459071 a multiple of 103?
True
Does 116 divide 76328?
True
Does 198 divide 761350?
False
Is 600468 a multiple of 584?
False
Does 6 divide 17748?
True
Does 274 divide 917940?
False
Is 78 a factor of 2293772?
False
Is 2 a factor of 202115?
False
Is 68009 a multiple of 317?
False
Does 1067 divide 3383457?
True
Is 24092970 a multiple of 33?
True
Does 55 divide 41140?
True
Is 27 a factor of 1041309?
True
Is 12 a factor of 2464739?
False
Is 434 a factor of 2766316?
True
Is 937895 a multiple of 254?
False
Does 78 divide 26695?
False
Is 422409 a multiple of 6?
False
Is 278 a factor of 1758060?
False
Is 6 a factor of 319644?
True
Does 6 divide 2291398?
False
Is 473 a factor of 487070?
False
Is 508046 a multiple of 138?
False
Does 1